 -j, 3*i + 2*i - 10 = 0. Let z be ((-44)/20 - -1)/(2/j). Suppose z*o - 110 - 64 = 0. What is the units digit of o?
9
Suppose 16*m - 17*m + 71 = 0. Let a = m + -39. Let h = a + 34. What is the tens digit of h?
6
Suppose -5*m - 16091 = -2*u, 0 = -5*u + 3*m + 35122 + 5096. What is the tens digit of u?
4
Suppose 0 = 2*l + 2*v + 10, 2*l + 20 = 3*l - 4*v. Let c(s) = 2*s**2 + 5 + l + s + 102*s**3 - 7 - s**2. What is the tens digit of c(1)?
0
Let y = 2772 + -1533. Let p = y - 689. What is the units digit of p?
0
Suppose 0 = -48*h + 53*h + 2*w - 252960, -3*h + 5*w = -151745. What is the ten thousands digit of h?
5
Let q(a) = 16*a**2 + 88*a - 19. Let n(t) = -7*t**2 - 44*t + 9. Let v(h) = 7*n(h) + 3*q(h). What is the tens digit of v(-20)?
8
What is the tens digit of 18752 + 266/38 + (3 - 14)?
4
Suppose 0 = 2*v + 7 - 13. Suppose 4*x + 4*t - 1812 = 0, -5*x - v*t + 1493 + 766 = 0. What is the hundreds digit of x?
4
Let s be (2/(-4) - (-8)/(-16))*27. Let m = s - -30. What is the tens digit of -4 - (-17 + m - 1)?
1
Let k = 88 - 29. Let s be (428/(-20))/((-4 - -7)/(-15)). Let h = s - k. What is the units digit of h?
8
What is the thousands digit of (-9456)/(-2) - (2 - -10)?
4
Let h be 6*((-73)/3 + -5). Let x = h - 76. Let a = 412 + x. What is the units digit of a?
0
Let b = -46 - -46. Let a = 81 + b. What is the units digit of (-278)/(-6) + (-9)/(a/(-6))?
7
Suppose 0 = 55*t - 38121 - 230279. Suppose 7*l = -1261 + t. What is the units digit of l?
7
Suppose -4*j - 42*c + 45*c = -236359, c + 236341 = 4*j. What is the tens digit of j?
8
Let o(p) be the second derivative of p**5/30 - p**3/2 + 31*p**2/2 - 6*p. Let t(x) be the first derivative of o(x). What is the units digit of t(-3)?
5
Let u(h) = 407*h**2 - 238*h - 1163. What is the tens digit of u(-5)?
0
Suppose 8*p - 440 - 464 = 0. Suppose -p*m + 6800 = -103*m. What is the units digit of m?
0
Let q(f) = -f**2 + 25*f - 5. Let n be q(23). Let a = -35 + n. Suppose -260 - 250 = -a*y. What is the units digit of y?
5
Let m = 40 - 41. Let v be 24/40 - 7/5*m. What is the tens digit of v/(-10) + 2330/25?
9
What is the hundreds digit of ((-96)/(-7) + -14)*-462?
1
Let u = 29284 - 17798. What is the tens digit of u?
8
Suppose -13*x = -9264 - 28319. What is the hundreds digit of x?
8
Let c = -4314 + 7766. Let i be c/(-20) - (-18)/30. What is the tens digit of (-9)/(-3) + -2 + i/(-4)?
4
Let g be (-2)/6 - ((-28)/12 + -2). Suppose g*u - 6 = 2, 2*y + u - 232 = 0. What is the hundreds digit of y?
1
Let y be (3/(-4))/(-1) + (-7514)/(-8). Suppose 5*l + 6*a - 2360 = a, -2*l = 3*a - y. What is the units digit of l?
6
Let r(x) = -8975*x - 3550. What is the thousands digit of r(-3)?
3
Suppose 2*c - 14386 = 2*h, 259*c - 256*c + 2*h = 21554. What is the hundreds digit of c?
1
Suppose 51*p = 71*p - 30580. What is the hundreds digit of 10 + p - (-15)/(-3)?
5
Let d(b) = 1214*b**3 - 8*b**2 + 21*b - 65. What is the ten thousands digit of d(3)?
3
Let c(l) = 15*l**2 - 11*l + 2. Let h be c(5). Suppose -h = o - 797. What is the tens digit of o?
7
Let i = -16239 - -23597. What is the units digit of i?
8
Let u = 43395 - 24065. What is the tens digit of u?
3
Suppose 3*i + 8 = 4*m + 4*i, -3*m + 1 = 2*i. What is the units digit of 7/(35/m) + (-4464)/(-10)?
7
Suppose 126947 - 22330 = 22*o - 98333. What is the units digit of o?
5
Let g = 6454 + -3108. What is the hundreds digit of g?
3
Suppose 14*m = 9*m + 45. Suppose 77 + m = y. Suppose 3*q - 4*k - k = 64, -5*q = 2*k - y. What is the tens digit of q?
1
Let z be (-1113)/24 + (-27)/(-72). Let a be ((-48)/28)/6 - z/14. Suppose -a*t + 111 = 12. What is the tens digit of t?
3
Let d(p) = -109*p + 2. Let l be d(-1). Let v be 0 - (-7)/(7/(-86)). Let k = v + l. What is the tens digit of k?
2
Let v = -1 + -193. Let m be (1 + v/4)*-2. Suppose -5*c = -4*l - 480, -c = -0*c - l - m. What is the hundreds digit of c?
1
Let z(h) = 271*h**2 - h + 8. Let v be z(2). Suppose 12010 = 28*n + v. What is the tens digit of n?
9
Suppose -57*m = -55*m - 5*x - 10639, -4*m - x + 21311 = 0. What is the units digit of m?
7
Let d be (-2 - -1)/(-1)*-51. What is the tens digit of ((-2924)/d)/(2 + 8/(-6))?
8
Let u(c) = 46*c - 9. Let h(n) = -n**3 + 11*n**2 + 15*n - 30. Let p be h(12). What is the hundreds digit of u(p)?
2
Suppose i - 10 = -i, 4*i - 8075 = -c. Suppose c = 12*d - 1065. What is the units digit of d?
0
What is the tens digit of 2/5 - (13826808/(-45))/24?
0
Let f be 4/(-22) + 570/110. Let d = 479 - 287. Suppose -3*q = a - 397, -f*q - 4*a + d = -465. What is the hundreds digit of q?
1
Suppose 0 = z - 5*u + 3 - 15, 0 = -2*u - 4. Suppose z*n = 153 + 57. What is the units digit of n?
5
Let p(a) = -2782*a + 2387. What is the units digit of p(-21)?
9
Suppose 9*v - 8*v = -2*k + 27, -64 = -5*k + v. Suppose k*m - 4081 = 40. What is the units digit of m?
7
Let j = -159 + 163. Suppose -j = 4*p, -4*s + 4683 = -2*p - p. What is the tens digit of s?
7
Let k(f) = -f + 6. Suppose -360 = 2*c - 4*c. Let p be (-1)/(3/c*5). What is the tens digit of k(p)?
1
Let c(v) be the first derivative of -198*v**2 + 23*v - 112. What is the units digit of c(-2)?
5
Let m be -2*((-6)/(-3) + -2 + -1). What is the units digit of -906*m/(-16)*4?
3
Suppose 5*o = 259 - 934. Let m = o + 363. What is the units digit of m?
8
Let t = 2873 + 11245. What is the tens digit of t?
1
Let d(q) = -q**3 - 138*q**2 - 321*q - 382. What is the hundreds digit of d(-136)?
2
Let u(g) = 10*g + 1337. What is the tens digit of u(-91)?
2
Suppose 309*m = -1833799 + 24786010. What is the tens digit of m?
7
Let r(y) = y**3 - 18*y**2 + 12*y + 17. Let z(f) = 2*f**3 - 19*f**2 + 11*f + 15. Let n(d) = 4*r(d) - 3*z(d). What is the units digit of n(-10)?
3
Let d = 30 + -26. Suppose d*v - 120 = v. Let u = v - 10. What is the tens digit of u?
3
Let r(i) = -71*i + 51. Let z(s) = 24*s - 17. Let w(m) = -3*r(m) - 8*z(m). Let q be 4 + -12*(2 - 28/12). What is the tens digit of w(q)?
5
Let w = -11 - -16. Let c(k) = 14 - w + 10 - k + 9. What is the tens digit of c(17)?
1
Suppose 5*y + 4*h - 44588 = 6816, -3*y = -3*h - 30891. What is the ten thousands digit of y?
1
Let w(u) = -28*u**3 - 4*u**2 + 5*u + 26. What is the hundreds digit of w(-8)?
0
Suppose -21*n = -215964 - 142044. What is the units digit of n?
8
Suppose 968*f + 180979 = 983*f - 195566. What is the units digit of f?
3
Let z = 14 - 10. Suppose r + 186 = z*r. Suppose 0 = -5*y + 13 + r. What is the units digit of y?
5
Let c be (3/9)/((-3)/(-9)). Suppose -3*w + 5 + c = 0. Suppose w*d - 5*d = -183. What is the tens digit of d?
6
Let q(k) = -k**2 - 2*k + 20. Let x be q(0). Let w be x/3*48/(-5). Let j = 4 - w. What is the units digit of j?
8
What is the units digit of (39/117 - 1/(-6))*18832?
6
Let o = -63 - -72. Let q be ((-16)/(-24))/((-3)/o). What is the hundreds digit of q*(-1*95 - -1)?
1
Suppose l - 22502 = -4*m, 2*l - 17846 = 2*m + 27108. What is the tens digit of l?
8
Suppose 6*h = -14320 + 45994. What is the units digit of h?
9
Let d(s) = -2*s + 2. Let l be d(-12). Let i = -12 + -4. Let z = i + l. What is the units digit of z?
0
Let m(j) be the second derivative of 15*j**4/4 + j**3/2 - j**2/2 - 10*j + 5. What is the hundreds digit of m(2)?
1
Suppose 852 - 213 = h - 3*r, -h - r = -627. What is the units digit of h?
0
Suppose 2617 = w - 2150. What is the units digit of w?
7
Suppose 5*s = -3*l - 116, -4*s = -2*s + 3*l + 50. What is the hundreds digit of ((-1851)/54 - 10/45)*s?
7
Let n(s) = 2*s**2 - 722*s + 719*s + 2 + 6 - 12*s**2. Let b be n(-4). Let o = 320 + b. What is the tens digit of o?
8
Let v(k) = -k**3 - 9*k**2 + k + 10. Let i be v(-6). Let b = i + 215. What is the hundreds digit of b?
1
Let j(w) = 3*w**2 - 15*w + 11. Let o(c) = -6*c**2 + 31*c - 23. Let a(u) = -13*j(u) - 6*o(u). Let g be a(-5). What is the tens digit of g/(-1) - ((8 - 1) + -3)?
2
Let a be 154*(54/21)/((-60)/(-315)). Suppose -4*l + 3*j + 52 = -j, 2*l + 5*j - 5 = 0. Suppose 501 = l*p - a. What is the units digit of p?
8
Suppose -48 = -4*u + 2*u. Suppose c - 3*c = u. What is the tens digit of (3 + (-44)/c)*3?
2
Let f = -411 - -689. Suppose 29 = 2*k - c, -4*c + 15 = 19. Suppose -k + f = 4*z. What is the tens digit of z?
6
Let n = -1576 - -4977. What is the hundreds digit of n?
4
Suppose -913836 = 2105*g - 2127*g. What is the hundreds digit of g?
5
Suppose 262 = -3*t - 269. 